48?
370
Calculate the remainder when 603 is divided by 124.
107
What is the remainder when 1809 is divided by 112?
17
What is the remainder when 1506 is divided by 26?
24
What is the remainder when 754 is divided by 7?
5
What is the remainder when 2438 is divided by 10?
8
Calculate the remainder when 126 is divided by 57.
12
What is the remainder when 282 is divided by 15?
12
Calculate the remainder when 340 is divided by 43.
39
What is the remainder when 85 is divided by 13?
7
What is the remainder when 571 is divided by 80?
11
What is the remainder when 323 is divided by 39?
11
What is the remainder when 371 is divided by 31?
30
Calculate the remainder when 617 is divided by 273.
71
What is the remainder when 163 is divided by 42?
37
Calculate the remainder when 987 is divided by 22.
19
Calculate the remainder when 214 is divided by 46.
30
What is the remainder when 65 is divided by 10?
5
What is the remainder when 129 is divided by 41?
6
What is the remainder when 1437 is divided by 48?
45
Calculate the remainder when 348 is divided by 175.
173
What is the remainder when 2009 is divided by 67?
66
Calculate the remainder when 1592 is divided by 29.
26
Calculate the remainder when 711 is divided by 143.
139
What is the remainder when 695 is divided by 29?
28
What is the remainder when 246 is divided by 21?
15
What is the remainder when 292 is divided by 78?
58
What is the remainder when 2600 is divided by 33?
26
Calculate the remainder when 1295 is divided by 284.
159
Calculate the remainder when 49 is divided by 25.
24
Calculate the remainder when 424 is divided by 7.
4
Calculate the remainder when 335 is divided by 10.
5
What is the remainder when 545 is divided by 7?
6
What is the remainder when 1536 is divided by 328?
224
Calculate the remainder when 49 is divided by 30.
19
What is the remainder when 1357 is divided by 655?
47
What is the remainder when 550 is divided by 45?
10
What is the remainder when 13582 is divided by 13?
10
What is the remainder when 1802 is divided by 42?
38
Calculate the remainder when 92 is divided by 5.
2
What is the remainder when 145 is divided by 5?
0
What is the remainder when 25297 is divided by 23?
20
Calculate the remainder when 254 is divided by 24.
14
What is the remainder when 448 is divided by 147?
7
What is the remainder when 859 is divided by 279?
22
Calculate the remainder when 281 is divided by 266.
15
Calculate the remainder when 502 is divided by 126.
124
What is the remainder when 4807 is divided by 17?
13
Calculate the remainder when 26797 is divided by 40.
37
Calculate the remainder when 18054 is divided by 37.
35
What is the remainder when 1520 is divided by 6?
2
Calculate the remainder when 93 is divided by 21.
9
What is the remainder when 67 is divided by 14?
11
Calculate the remainder when 1280 is divided by 128.
0
What is the remainder when 1638 is divided by 39?
0
What is the remainder when 1729 is divided by 456?
361
What is the remainder when 278 is divided by 31?
30
What is the remainder when 64 is divided by 20?
4
Calculate the remainder when 77 is divided by 40.
37
What is the remainder when 181 is divided by 36?
1
Calculate the remainder when 1520 is divided by 759.
2
Calculate the remainder when 166 is divided by 19.
14
Calculate the remainder when 88 is divided by 9.
7
Calculate the remainder when 4937 is divided by 65.
62
Calculate the remainder when 75 is divided by 11.
9
Calculate the remainder when 198 is divided by 101.
97
Calculate the remainder when 175 is divided by 1.
0
Calculate the remainder when 2602 is divided by 863.
13
Calculate the remainder when 475 is divided by 475.
0
Calculate the remainder when 2026 is divided by 169.
167
Calculate the remainder when 239 is divided by 168.
71
Calculate the remainder when 68 is divided by 8.
4
What is the remainder when 3252 is divided by 218?
200
Calculate the remainder when 4234 is divided by 121.
120
Calculate the remainder when 463 is divided by 60.
43
Calculate the remainder when 282 is divided by 5.
2
Calculate the remainder when 275 is divided by 69.
68
Calculate the remainder when 361 is divided by 123.
115
What is the remainder when 135 is divided by 9?
0
Calculate the remainder when 475 is divided by 115.
15
Calculate the remainder when 137 is divided by 69.
68
What is the remainder when 909 is divided by 114?
111
Calculate the remainder when 1840 is divided by 97.
94
What is the remainder when 112 is divided by 20?
12
Calculate the remainder when 162 is divided by 56.
50
Calculate the remainder when 126 is divided by 16.
14
What is the remainder when 694 is divided by 101?
88
Calculate the remainder when 91 is divided by 32.
27
Calculate the remainder when 108 is divided by 19.
13
Calculate the remainder when 1194 is divided by 11.
6
Calculate the remainder when 266 is divided by 1.
0
Calculate the remainder when 96 is divided by 43.
10
Calculate the remainder when 558 is divided by 182.
12
Calculate the remainder when 1206 is divided by 13.
10
Calculate the remainder when 121 is divided by 65.
56
What is the remainder when 170 is divided by 45?
35
What is the remainder when 231 is divided by 34?
27
What is the remainder when 1187 is divided by 10?
7
What is the remainder when 7139 is divided by 152?
147
Calculate the remainder when 147 is divided by 41.
24
Calculate the remainder when 935 is divided by 152.
23
What is the remainder when 3041 is divided by 18?
17
What is the remainder when 1310 is divided by 69?
68
Calculate the remainder when 223 is divided by 110.
3
What is the remainder when 34 is divided by 15?
4
What is the remainder when 367 is divided by 53?
49
Calculate the remainder when 66 is divided by 6.
0
What is the remainder when 358 is divided by 26?
20
What is the remainder when 128 is divided by 11?
7
Calculate the remainder when 372 is divided by 192.
180
Calculate the remainder when 19 is divided by 5.
4
Calculate the remainder when 1038 is divided by 16.
14
Calculate the remainder when 215 is divided by 71.
2
Calculate the remainder when 2178 is divided by 21.
15
Calculate the remainder when 1292 is divided by 48.
44
Calculate the remainder when 2113 is divided by 17.
5
What is the remainder when 1931 is divided by 959?
13
Calculate the remainder when 4249 is divided by 133.
126
Calculate the remainder when 97 is divided by 5.
2
What is the remainder when 199 is divided by 184?
15
What is the remainder when 3081 is divided by 21?
15
What is the remainder when 37331 is divided by 183?
182
What is the remainder when 673 is divided by 221?
10
Calculate the remainder when 256 is divided by 93.
70
Calculate the remainder when 228 is divided by 8.
4
Calculate the remainder when 1328 is divided by 18.
14
What is the remainder when 11 is divided by 5?
1
Calculate the remainder when 2088 is divided by 22.
20
What is the remainder when 1532 is divided by 309?
296
What is the remainder when 457 is divided by 113?
5
What is the remainder when 1538 is divided by 191?
10
What is the remainder when 74 is divided by 39?
35
What is the remainder when 1570 is divided by 197?
191
Calculate the remainder when 62 is divided by 47.
15
What is the remainder when 670 is divided by 230?
210
Calculate the remainder when 1485 is divided by 48.
45
What is the remainder when 16 is divided by 6?
4
Calculate the remainder when 132 is divided by 57.
18
Calculate the remainder when 157 is divided by 138.
19
What is the remainder when 333 is divided by 42?
39
What is the remainder when 317 is divided by 229?
88
Calculate the remainder when 592 is divided by 280.
32
Calculate the remainder when 3791 is divided by 146.
141
Calculate the remainder when 1199 is divided by 80.
79
What is the remainder when 1389 is divided by 24?
21
What is the remainder when 743 is divided by 12?
11
Calculate the remainder when 299 is divided by 150.
149
Calculate the remainder when 1000 is divided by 315.
55
What is the remainder when 610 is divided by 17?
15
What is the remainder when 1193 is divided by 63?
59
What is the remainder when 9382 is divided by 46?
44
Calculate the remainder when 167 is divided by 19.
15
What is the remainder when 29 is divided by 3?
2
What is the remainder when 884 is divided by 22?
4
Calculate the remainder when